{"id":299,"date":"2022-08-24T13:13:56","date_gmt":"2022-08-24T11:13:56","guid":{"rendered":"http:\/\/hautwerk.trigger.services\/?post_type=behandlung&#038;p=299"},"modified":"2025-12-23T09:53:10","modified_gmt":"2025-12-23T08:53:10","slug":"fractional-co2-laser","status":"publish","type":"behandlung","link":"https:\/\/hautwerk.ch\/en\/treatments\/fractional-co2-laser\/","title":{"rendered":"Fractional CO2 laser"},"content":{"rendered":"","protected":false},"template":"","ab_tag":[724],"class_list":["post-299","behandlung","type-behandlung","status-publish","hentry","ab_tag-laser-licht"],"acf":[],"yoast_head":"<!-- This site is optimized with the Yoast SEO Premium plugin v26.4 (Yoast SEO v27.3) - https:\/\/yoast.com\/product\/yoast-seo-premium-wordpress\/ -->\n<title>Fraktionierter CO2-Laserbehandlung in Z\u00fcrich | Hautwerk<\/title>\n<meta name=\"description\" content=\"Mit dem fraktionierte CO2 Laser k\u00f6nnen Folgen des Alterns, Falten, unerw\u00fcnschte Textursch\u00e4den sowie Narben gezielt behandelt werden.\" \/>\n<meta name=\"robots\" content=\"index, follow, max-snippet:-1, max-image-preview:large, max-video-preview:-1\" \/>\n<link rel=\"canonical\" href=\"https:\/\/hautwerk.ch\/en\/treatments\/fractional-co2-laser\/\" \/>\n<meta property=\"og:locale\" content=\"en_US\" \/>\n<meta property=\"og:type\" content=\"article\" \/>\n<meta property=\"og:title\" content=\"Fraktionierter CO2-Laser\" \/>\n<meta property=\"og:description\" content=\"Mit dem fraktionierte CO2 Laser k\u00f6nnen Folgen des Alterns, Falten, unerw\u00fcnschte Textursch\u00e4den sowie Narben gezielt behandelt werden.\" \/>\n<meta property=\"og:url\" content=\"https:\/\/hautwerk.ch\/en\/treatments\/fractional-co2-laser\/\" \/>\n<meta property=\"og:site_name\" content=\"Hautwerk\" \/>\n<meta property=\"article:modified_time\" content=\"2025-12-23T08:53:10+00:00\" \/>\n<meta property=\"og:image\" content=\"https:\/\/hautwerk.ch\/wp-content\/uploads\/2025\/03\/ogimage.jpg\" \/>\n\t<meta property=\"og:image:width\" content=\"1200\" \/>\n\t<meta property=\"og:image:height\" content=\"680\" \/>\n\t<meta property=\"og:image:type\" content=\"image\/jpeg\" \/>\n<meta name=\"twitter:card\" content=\"summary_large_image\" \/>\n<meta name=\"twitter:label1\" content=\"Est. reading time\" \/>\n\t<meta name=\"twitter:data1\" content=\"6 minutes\" \/>\n<!-- \/ Yoast SEO Premium plugin. -->","yoast_head_json":{"title":"Fractional CO2 laser treatment in Zurich | Hautwerk","description":"The fractionated CO2 laser can be used to treat the effects of ageing, wrinkles, unwanted texture damage and scars.","robots":{"index":"index","follow":"follow","max-snippet":"max-snippet:-1","max-image-preview":"max-image-preview:large","max-video-preview":"max-video-preview:-1"},"canonical":"https:\/\/hautwerk.ch\/en\/treatments\/fractional-co2-laser\/","og_locale":"en_US","og_type":"article","og_title":"Fraktionierter CO2-Laser","og_description":"Mit dem fraktionierte CO2 Laser k\u00f6nnen Folgen des Alterns, Falten, unerw\u00fcnschte Textursch\u00e4den sowie Narben gezielt behandelt werden.","og_url":"https:\/\/hautwerk.ch\/en\/treatments\/fractional-co2-laser\/","og_site_name":"Hautwerk","article_modified_time":"2025-12-23T08:53:10+00:00","og_image":[{"width":1200,"height":680,"url":"https:\/\/hautwerk.ch\/wp-content\/uploads\/2025\/03\/ogimage.jpg","type":"image\/jpeg"}],"twitter_card":"summary_large_image","twitter_misc":{"Est. reading time":"6 minutes"},"schema":{"@context":"https:\/\/schema.org","@graph":[{"@type":"WebPage","@id":"https:\/\/hautwerk.ch\/behandlungen\/fraktionierter-co2-laser\/","url":"https:\/\/hautwerk.ch\/behandlungen\/fraktionierter-co2-laser\/","name":"Fractional CO2 laser treatment in Zurich | Hautwerk","isPartOf":{"@id":"https:\/\/hautwerk.ch\/#website"},"datePublished":"2022-08-24T11:13:56+00:00","dateModified":"2025-12-23T08:53:10+00:00","description":"The fractionated CO2 laser can be used to treat the effects of ageing, wrinkles, unwanted texture damage and scars.","breadcrumb":{"@id":"https:\/\/hautwerk.ch\/behandlungen\/fraktionierter-co2-laser\/#breadcrumb"},"inLanguage":"en-US","potentialAction":[{"@type":"ReadAction","target":["https:\/\/hautwerk.ch\/behandlungen\/fraktionierter-co2-laser\/"]}]},{"@type":"BreadcrumbList","@id":"https:\/\/hautwerk.ch\/behandlungen\/fraktionierter-co2-laser\/#breadcrumb","itemListElement":[{"@type":"ListItem","position":1,"name":"Home","item":"https:\/\/hautwerk.ch\/"},{"@type":"ListItem","position":2,"name":"Fraktionierter CO2-Laser"}]},{"@type":"WebSite","@id":"https:\/\/hautwerk.ch\/#website","url":"https:\/\/hautwerk.ch\/","name":"Hautarzt Z\u00fcrich","description":"Special clinic for dermatology and laser medicine","publisher":{"@id":"https:\/\/hautwerk.ch\/#organization"},"potentialAction":[{"@type":"SearchAction","target":{"@type":"EntryPoint","urlTemplate":"https:\/\/hautwerk.ch\/?s={search_term_string}"},"query-input":{"@type":"PropertyValueSpecification","valueRequired":true,"valueName":"search_term_string"}}],"inLanguage":"en-US"},{"@type":"Organization","@id":"https:\/\/hautwerk.ch\/#organization","name":"Hautarzt Z\u00fcrich","alternateName":"Hautwerk","url":"https:\/\/hautwerk.ch\/","logo":{"@type":"ImageObject","inLanguage":"en-US","@id":"https:\/\/hautwerk.ch\/#\/schema\/logo\/image\/","url":"https:\/\/hautwerk.ch\/wp-content\/uploads\/2022\/09\/Fav-2-F-3.png","contentUrl":"https:\/\/hautwerk.ch\/wp-content\/uploads\/2022\/09\/Fav-2-F-3.png","width":500,"height":500,"caption":"Hautarzt Z\u00fcrich"},"image":{"@id":"https:\/\/hautwerk.ch\/#\/schema\/logo\/image\/"},"sameAs":["https:\/\/www.instagram.com\/hautwerk.ch\/","https:\/\/www.linkedin.com\/company\/hautwerk-ch\/"]}]}},"_links":{"self":[{"href":"https:\/\/hautwerk.ch\/en\/wp-json\/wp\/v2\/behandlung\/299","targetHints":{"allow":["GET"]}}],"collection":[{"href":"https:\/\/hautwerk.ch\/en\/wp-json\/wp\/v2\/behandlung"}],"about":[{"href":"https:\/\/hautwerk.ch\/en\/wp-json\/wp\/v2\/types\/behandlung"}],"wp:attachment":[{"href":"https:\/\/hautwerk.ch\/en\/wp-json\/wp\/v2\/media?parent=299"}],"wp:term":[{"taxonomy":"ab_tag","embeddable":true,"href":"https:\/\/hautwerk.ch\/en\/wp-json\/wp\/v2\/ab_tag?post=299"}],"curies":[{"name":"wp","href":"https:\/\/api.w.org\/{rel}","templated":true}]}}

<!-- This site is optimized with the Yoast SEO Premium plugin v26.4 (Yoast SEO v27.3) - https://yoast.com/product/yoast-seo-premium-wordpress/ -->
<title>Fraktionierter CO2-Laserbehandlung in Zürich | Hautwerk</title>
<meta name="description" content="Mit dem fraktionierte CO2 Laser können Folgen des Alterns, Falten, unerwünschte Texturschäden sowie Narben gezielt behandelt werden." />
<meta name="robots" content="index, follow, max-snippet:-1, max-image-preview:large, max-video-preview:-1" />
<link rel="canonical" href="https://hautwerk.ch/en/treatments/fractional-co2-laser/" />
<meta property="og:locale" content="en_US" />
<meta property="og:type" content="article" />
<meta property="og:title" content="Fraktionierter CO2-Laser" />
<meta property="og:description" content="Mit dem fraktionierte CO2 Laser können Folgen des Alterns, Falten, unerwünschte Texturschäden sowie Narben gezielt behandelt werden." />
<meta property="og:url" content="https://hautwerk.ch/en/treatments/fractional-co2-laser/" />
<meta property="og:site_name" content="Hautwerk" />
<meta property="article:modified_time" content="2025-12-23T08:53:10+00:00" />
<meta property="og:image" content="https://hautwerk.ch/wp-content/uploads/2025/03/ogimage.jpg" />
	<meta property="og:image:width" content="1200" />
	<meta property="og:image:height" content="680" />
	<meta property="og:image:type" content="image/jpeg" />
<meta name="twitter:card" content="summary_large_image" />
<meta name="twitter:label1" content="Est. reading time" />
	<meta name="twitter:data1" content="6 minutes" />
<!-- / Yoast SEO Premium plugin. -->

Mit dem fraktionierte CO2 Laser können Folgen des Alterns, Falten, unerwünschte Texturschäden sowie Narben gezielt behandelt werden.

Hautarzt Zürich
